50
Calculate the highest common factor of 755264 and 129811.
11801
What is the greatest common divisor of 5682720 and 32520?
120
What is the highest common divisor of 350 and 49777070?
70
What is the greatest common factor of 452827 and 15485?
19
Calculate the greatest common divisor of 93609 and 391203.
27
Calculate the highest common divisor of 2696 and 1321766572.
1348
What is the highest common divisor of 8988 and 64281?
21
What is the greatest common divisor of 2814 and 6067446?
42
What is the highest common divisor of 718506 and 450?
18
Calculate the highest common factor of 4173680 and 653660.
4060
Calculate the highest common factor of 1399626 and 108.
54
What is the greatest common factor of 62062329 and 147?
21
What is the highest common divisor of 5654 and 12051758?
514
Calculate the greatest common factor of 189024 and 289542.
66
What is the highest common divisor of 17673460 and 31570?
2870
Calculate the highest common factor of 253 and 817512.
23
What is the highest common factor of 1425 and 37430025?
75
Calculate the greatest common factor of 116554614 and 10.
2
What is the greatest common factor of 328004 and 46268?
172
Calculate the greatest common divisor of 21616 and 34175668.
772
What is the greatest common factor of 13123089 and 378?
63
Calculate the highest common factor of 7245942 and 174427.
1111
What is the greatest common factor of 170595522 and 18?
18
Calculate the highest common factor of 26002775 and 295.
295
What is the highest common divisor of 19855 and 130002598?
3971
What is the greatest common factor of 14825 and 249325?
25
What is the greatest common divisor of 29933524 and 13519?
1229
What is the highest common factor of 8750 and 2506?
14
What is the highest common divisor of 6 and 22348450?
2
Calculate the greatest common divisor of 18 and 411924573.
9
What is the highest common factor of 5440644 and 21780?
4356
Calculate the greatest common factor of 926956 and 88450.
3538
Calculate the highest common divisor of 2581 and 65598696.
2581
What is the greatest common divisor of 330 and 83021686?
22
What is the greatest common factor of 16513 and 10806579?
2359
What is the highest common divisor of 26477 and 4034796?
83
What is the highest common factor of 83406806 and 770?
14
Calculate the greatest common divisor of 3560 and 9858085.
445
Calculate the greatest common factor of 2752 and 40871328.
1376
Calculate the greatest common factor of 16366 and 25439110.
334
Calculate the highest common divisor of 1907 and 49545767.
1907
Calculate the highest common divisor of 104075451 and 99.
9
What is the greatest common divisor of 112332 and 50954772?
4884
What is the highest common divisor of 63 and 248087889?
63
What is the highest common factor of 23821084 and 9?
1
Calculate the highest common divisor of 3190 and 10630.
10
What is the greatest common factor of 5200263 and 18?
9
Calculate the greatest common factor of 75949387 and 119.
17
What is the highest common factor of 315 and 171883089?
63
Calculate the greatest common factor of 3020052 and 8164.
628
What is the greatest common divisor of 68264 and 17644760?
2968
Calculate the greatest common factor of 20627035 and 2210.
1105
What is the highest common divisor of 1367 and 1068994?
1367
What is the greatest common factor of 666 and 306372987?
333
Calculate the highest common divisor of 18 and 669771.
9
Calculate the greatest common factor of 69831803 and 979.
89
Calculate the greatest common divisor of 3971876 and 1445772.
2284
What is the highest common factor of 20474562 and 102?
102
Calculate the highest common factor of 456 and 138566202.
114
What is the greatest common divisor of 169 and 2630633382?
169
Calculate the highest common factor of 197584 and 120416.
848
What is the greatest common factor of 7095 and 624341553?
1419
What is the highest common divisor of 1166640 and 1113169?
4861
Calculate the highest common divisor of 1895810 and 103733.
3577
What is the highest common factor of 5455 and 1999325?
5
What is the greatest common divisor of 62269915 and 695?
695
What is the highest common divisor of 629 and 23986286?
629
What is the greatest common factor of 1250 and 31693250?
250
What is the highest common divisor of 13196790 and 1554?
222
What is the highest common factor of 216979594 and 78?
26
What is the greatest common factor of 161 and 40234866?
161
What is the greatest common divisor of 527044 and 69107300?
10756
Calculate the greatest common divisor of 12 and 2747244.
12
What is the highest common divisor of 3840 and 138233280?
960
Calculate the greatest common divisor of 1268747867 and 159.
53
Calculate the greatest common factor of 619230222 and 78.
78
Calculate the highest common factor of 23380335 and 30.
15
Calculate the highest common factor of 534 and 9347826.
6
Calculate the greatest common divisor of 1188960992 and 64.
32
Calculate the greatest common divisor of 42532 and 562123.
31
What is the greatest common factor of 112 and 1662?
2
Calculate the greatest common factor of 3929068 and 18304.
572
Calculate the greatest common factor of 53 and 6963914277.
53
Calculate the greatest common divisor of 25 and 4449175.
25
What is the greatest common factor of 2244557 and 3577?
7
What is the greatest common factor of 473 and 135443?
11
What is the greatest common divisor of 7508829 and 3?
3
Calculate the greatest common divisor of 8225 and 1089851.
7
What is the highest common factor of 2681 and 200490925?
383
Calculate the highest common factor of 11025895 and 4360.
545
What is the highest common factor of 1926 and 266360022?
1926
What is the greatest common factor of 24 and 6571326?
6
What is the highest common factor of 4524 and 11751264?
348
Calculate the greatest common divisor of 567 and 1643201.
7
What is the highest common divisor of 42 and 416466057?
21
What is the greatest common factor of 319035915 and 16929?
891
Calculate the highest common factor of 512 and 857224.
8
What is the highest common divisor of 77 and 1193996034?
77
Calculate the highest common divisor of 2349900 and 6930.
630
What is the highest common factor of 58669 and 455?
13
What is the highest common divisor of 128729 and 50467?
109
What is the greatest common divisor of 34625 and 81325?
25
Calculate the highest common factor of 169 and 812524960.
169
What is the highest common factor of 11500825 and 525?
175
Calculate the highest common divisor of 18 and 13569054.
6
Calculate the greatest common divisor of 1305324 and 3333.
303
What is the highest common divisor of 5466049 and 1359?
151
What is the highest common divisor of 5319436 and 6281?
571
Calculate the highest common factor of 72 and 847383192.
72
What is the highest common divisor of 1332 and 39885556?
148
What is the highest common factor of 66 and 24260115?
33
What is the greatest common divisor of 10620008 and 476?
28
Calculate the highest common factor of 120 and 261419910.
30
Calculate the highest common divisor of 14945 and 52070515.
2135
Calculate the highest common divisor of 136012940 and 560.
140
Calculate the highest common divisor of 409773 and 712348.
1729
What is the greatest common divisor of 41549511 and 1062?
177
What is the greatest common factor of 47 and 752486779?
47
What is the highest common divisor of 5291 and 32001892?
481
Calculate the greatest common divisor of 695052740 and 107.
107
What is the highest common divisor of 18986 and 8591?
11
What is the greatest common divisor of 9850412 and 429?
143
Calculate the greatest common divisor of 2210 and 3069170.
130
What is the greatest common factor of 6073274 and 1066090?
6878
Calculate the greatest common factor of 2814330 and 30990.
30
What is the highest common factor of 115 and 8538566?
23
Calculate the highest common factor of 90044669 and 352.
11
What is the highest common factor of 714858 and 911886?
2526
What is the highest common factor of 366582 and 8346?
642
Calculate the highest common factor of 12 and 435515460.
12
Calculate the greatest common divisor of 21180328 and 3432.
104
Calculate the greatest common factor of 190 and 58858390.
190
Calculate the highest common factor of 94285925 and 50.
25
Calculate the greatest common factor of 139135676 and 4.
4
What is the greatest common divisor of 230729089 and 1